t is the remainder when 31 is divided by 2/(-7) + 300/21 - q?
15
Let j(g) = 5*g. Let v = 27 + 3. Let y = v + -21. Calculate the remainder when y is divided by j(1).
4
Let o = 1534 - 1349. Calculate the remainder when o is divided by 49.
38
Let z = 25 + 1. Suppose 20 = 3*n + 4*c - 11, -6 = -2*n + c. Suppose p = 4*s + 5, -n*p + 2*s + 40 = -3*s. What is the remainder when z is divided by p?
8
What is the remainder when 93 is divided by 221/6 - 3 - 2/(-12)?
25
Let n = 90 - -87. What is the remainder when n is divided by 26?
21
Let w be ((-6)/(-4))/((-18)/(-156)). Let x(u) = 1 - 9*u + w*u + 5*u. What is the remainder when 27 is divided by x(1)?
7
Suppose 0 = 2*v - 30 - 14. Calculate the remainder when v is divided by (2*-3)/(-3 + 2).
4
Suppose -4 + 55 = 3*b. Let i be (1/(-2))/(-2*(-1)/(-224)). Suppose 0 = -0*s + 2*s - i. Calculate the remainder when s is divided by b.
11
Let z(a) = -a**2 - a + 12. Let o(s) = 2*s**3 - 57*s**2 + 39*s - 285. Calculate the remainder when o(28) is divided by z(0).
11
Let w = 6 + 35. Let n = 48 - w. What is the remainder when 46 is divided by n?
4
Let k be 1/(-4) + 76/48*9. Suppose 0 = -4*h + 5*j - 8, -3*j + k = 2. Calculate the remainder when 7 is divided by h.
1
Suppose 9*w - 3*w - 378 = 0. Let k = w - 29. Calculate the remainder when 66 is divided by k.
32
Let f(c) = 6*c + 28. Let t = -9 + 14. What is the remainder when t is divided by f(-4)?
1
Let a = 176 - 169. Calculate the remainder when 222 is divided by a.
5
Let d(y) = -9*y**2 + 3*y + 1. Let l be d(-2). Let q = -30 - l. Calculate the remainder when 59 is divided by q.
4
Let d(s) = -s**3 - 53*s**2 - 104*s - 87. What is the remainder when 164 is divided by d(-51)?
14
Suppose -3*g - 4*t = -66 - 4, 82 = 3*g - 2*t. Let b = g - 13. What is the remainder when b is divided by 7?
6
Let s(i) = i**3 - 12*i**2 + i + 5. Let x = -14 - -14. Suppose x = -10*d + 14*d - 48. What is the remainder when 65 is divided by s(d)?
14
Let c = -4 - 5. Let a(r) = -42*r + 63. Let v(t) = 6*t - 9. Let o(j) = -2*a(j) - 15*v(j). What is the remainder when o(c) is divided by 16?
15
Let g(a) be the second derivative of 33*a**3/2 + a**2/2 + 7*a. Let x be g(1). Suppose 5*m = -10 + x. Calculate the remainder when m is divided by 5.
3
Let b(r) = -r**2 - 6*r - 2. Let a be b(-3). Suppose 84 = -a*t + 497. What is the remainder when t is divided by 20?
19
Let l = 124 - 7. Suppose -4*q + 2*q - 5*f = -93, 3*q + 3*f - l = 0. What is the remainder when q is divided by 12?
10
Let q(u) = 5*u - 7. Let f be q(8). Let v = -2 + f. Calculate the remainder when -11 - -1 - (-14 + -117) is divided by v.
28
Calculate the remainder when (-40)/3*(-630)/120 is divided by 28.
14
Suppose -5*w + 476 = 4*g, -10*w + 14*w - 2*g = 360. Calculate the remainder when w is divided by 47.
45
Suppose -16*a - 3960 = -38*a. Calculate the remainder when a is divided by 34.
10
Let u(m) = -m**3 - 3*m**2 + m - 3. Let q = 18 - 11. Suppose -q*n - 20 = -3*n. What is the remainder when u(n) is divided by 9?
6
Let m(x) = 3*x**2 - 46*x - 13. What is the remainder when 105 is divided by m(16)?
10
Let h be 2/11 - 136/22. Let o be h/3*2*1. Let q = -2 - o. Calculate the remainder when q is divided by 1.
0
Suppose -10*k + 998 + 32 = 0. Calculate the remainder when k is divided by 26.
25
Let m(t) = t**3 + 4*t**2 - 3*t + 4. Let p be (-67)/(-13) + (-10)/65. Let z(v) = v**3 - 3*v**2 + v + 6. What is the remainder when z(p) is divided by m(-4)?
13
Let j be 11/33 - (-3)/(9/(-400)). What is the remainder when 402/7 + 57/j is divided by 12?
9
Let f be 3 + 2 - (3 + -2). Calculate the remainder when 5 - (-2 - 0) - f/(-2) is divided by 4.
1
Let w be 495/(-54) + 2/12. Let r = -3 - w. Calculate the remainder when 99/9 + -4*1 is divided by r.
1
Let h(m) = 2*m**2 - 2*m - 35. What is the remainder when h(8) is divided by 13?
12
Let s be 2/(-5) - (-36)/15. Suppose -i + 34 = -w, -s*w = -4*i + 30 + 108. What is the remainder when i is divided by 15/2*(-12)/10*-2?
17
Let l(q) = -6 + 4*q**2 - 3 - 14*q - q**2 + 2. Calculate the remainder when 33 is divided by l(6).
16
Suppose 630 = 4*t + b - 3*b, -3*t - 3*b = -468. What is the remainder when t is divided by 31?
2
Let y(q) = 2*q**3 + 124*q**2 + 2*q + 159. What is the remainder when 1538 is divided by y(-62)?
33
Let p(w) = -2*w**3 + 3*w**2 + 3*w. Calculate the remainder when -129*2/(-12)*88/44 is divided by p(-2).
21
Let q(x) = -x**3 - 2*x**2 - x + 3. Let i(k) = -k - 11. Let w be i(-8). Let o = 154 - 111. Calculate the remainder when o is divided by q(w).
13
Let r(i) be the second derivative of 7/6*i**4 + 17/2*i**2 - 3*i**3 + 3*i + 1/20*i**5 + 0. Calculate the remainder when r(-15) is divided by 16.
14
Let t = 5 + 16. Suppose 312 = 2*h + 6*h. Suppose -3*n + 4*z - z = -h, 2*z + 50 = 4*n. What is the remainder when t is divided by n?
9
Let a(j) = j**3 + 12*j**2 - 13*j + 4. Let i be a(-13). What is the remainder when 82 + i + -5 + 5 is divided by 29?
28
Suppose 0 = m + 6*m - 14. Let s(a) = -a + 7. Calculate the remainder when 102 is divided by s(m).
2
Suppose 9 = -a - 4*q, 0 = a + 3*a - 5*q - 69. Suppose a*d = 18*d - 49. Calculate the remainder when d is divided by 6.
1
Let v = -2243 - -3298. What is the remainder when v is divided by 23?
20
Let g be 6/15 + 26/10. Suppose g*r + 2466 = -4*z, 3*z + r + 1286 = -561. Calculate the remainder when ((-4)/(-6))/((-10)/z) is divided by 22.
19
Suppose -4 - 2 = -2*c. Suppose -5*z + 0*a = 3*a - 340, -269 = -4*z - c*a. What is the remainder when (-4)/16*(3 - z) is divided by 6?
5
Let j(y) = -y**3 + 96*y**2 - 85*y - 947. Suppose 4*m - 107 = -2*d - 25, 2*m = -4*d + 32. What is the remainder when m is divided by j(95)?
1
Let o(i) = 3*i + 2. Let a be o(2). Let q = a - 5. Let p(g) = g. Calculate the remainder when 9 is divided by p(q).
0
Let f(z) = -z**2 - 7*z + 4. Let r be f(-7). Suppose 18*c + 917 = 2699. Calculate the remainder when c is divided by (-5)/(-3)*(r - -11).
24
Suppose 5*r = 87 + 48. What is the remainder when 296 is divided by r?
26
Suppose -10*d = -5*d - 5*b - 565, -3*b = 5*d - 573. What is the remainder when d is divided by 26?
10
Suppose -4*x = 2*x - 57 - 27. Let f(i) = 25*i - 3. What is the remainder when f(4) is divided by x?
13
Let g(n) = 3*n + 110. Let u(i) = 115 + 2*i - 5*i + 50 + 7*i. Let o(z) = -7*g(z) + 5*u(z). What is the remainder when o(0) is divided by 19?
17
What is the remainder when 1 - -1 - ((12 - 11) + -415) is divided by 208?
0
Let z = 113 - 61. Let l = -1365 - -1393. What is the remainder when z is divided by l?
24
Let u = 9 - 4. Suppose 4 - u = -w. What is the remainder when (1 + w)*(-195)/(-15) is divided by 10?
6
Let q = 0 - -5. Suppose 4*s - q*s = -6. Suppose 2*j + 56 = s*j. Calculate the remainder when 25 is divided by j.
11
Let o(f) = 3*f**2 + 2*f + 4. Let i be -4 - -2 - 134*-1. Suppose 9*a + i = 13*a. What is the remainder when a is divided by o(-2)?
9
Let j(v) be the first derivative of -v**4/4 + 7*v**3/3 + 11*v**2/2 + 6*v - 7. What is the remainder when 58 is divided by j(8)?
28
Suppose 4*n + 42 = n. Let m = 52 + n. Suppose 4*u + 215 = 3*k, -2*k - 68 = -3*k + 5*u. Calculate the remainder when k is divided by m.
35
Let y(k) = -k + 46. Let v = -2 + 5. Suppose 0 = -4*u - 12, 5*i - 127 = -v*u - 16. Calculate the remainder when y(0) is divided by i.
22
Let a = -58 - -63. Suppose -5*i - 5*f = -a, 4*i - f - 9 = -0*f. Suppose -d = -2 - 2. What is the remainder when d is divided by i?
0
Let y = 25 + 122. Suppose 0 = 3*a - 0*a - y. What is the remainder when a is divided by 2/(-10)*(-86 - -1)?
15
Let p(o) = -o**2 - 7*o + 38. Let n be p(-10). Let a = 34 - n. Calculate the remainder when 49 is divided by a.
23
Suppose -2*n = -2*k - k + 18, 5*k - 37 = n. Let u(h) = 7*h - 34. Calculate the remainder when 39 is divided by u(k).
17
Suppose 8*j + 8*j = 720. Calculate the remainder when 446 is divided by j.
41
Let g(n) = n - 2. Let f be g(-2). Let t(o) = o**2 - 9*o - 6. What is the remainder when t(-6) is divided by 1/f - 585/(-20)?
26
Suppose 43 = 4*y - 145. Suppose -7*h + 9 = -y. Calculate the remainder when 85 is divided by h.
5
Let h = 1 - 1. Suppose 0 = 2*z - 2, -20*q = -17*q + 2*z - 215. Calculate the remainder when q is divided by (-90)/(-5)*(h + 1).
17
Suppose 10 = 3*j + t, 7*j - 8 = 3*j - 4*t. What is the remainder when 32 is divided by j?
0
Let r(d) = -d